 7?
0
Calculate the remainder when 3917 is divided by 3.
2
What is the remainder when 9989 is divided by 45?
44
Calculate the remainder when 2127 is divided by 28.
27
Calculate the remainder when 1045 is divided by 50.
45
Calculate the remainder when 1609 is divided by 33.
25
Calculate the remainder when 36372 is divided by 125.
122
Calculate the remainder when 642 is divided by 74.
50
What is the remainder when 5693 is divided by 13?
12
What is the remainder when 150 is divided by 4?
2
What is the remainder when 71 is divided by 21?
8
Calculate the remainder when 119 is divided by 8.
7
What is the remainder when 3324 is divided by 26?
22
What is the remainder when 106 is divided by 16?
10
Calculate the remainder when 723 is divided by 81.
75
Calculate the remainder when 35247 is divided by 94.
91
Calculate the remainder when 1293 is divided by 5.
3
What is the remainder when 93 is divided by 50?
43
What is the remainder when 405 is divided by 74?
35
What is the remainder when 58 is divided by 12?
10
Calculate the remainder when 343 is divided by 283.
60
Calculate the remainder when 2204 is divided by 1096.
12
Calculate the remainder when 851 is divided by 71.
70
Calculate the remainder when 170 is divided by 25.
20
Calculate the remainder when 620 is divided by 127.
112
Calculate the remainder when 402 is divided by 195.
12
What is the remainder when 51 is divided by 14?
9
What is the remainder when 713 is divided by 13?
11
Calculate the remainder when 6516 is divided by 592.
4
What is the remainder when 2066 is divided by 28?
22
Calculate the remainder when 398 is divided by 134.
130
What is the remainder when 374 is divided by 5?
4
What is the remainder when 5471 is divided by 18?
17
What is the remainder when 15328 is divided by 105?
103
What is the remainder when 1924 is divided by 47?
44
What is the remainder when 916 is divided by 66?
58
What is the remainder when 86 is divided by 76?
10
What is the remainder when 67 is divided by 30?
7
Calculate the remainder when 13 is divided by 5.
3
What is the remainder when 261 is divided by 17?
6
Calculate the remainder when 4558 is divided by 15.
13
What is the remainder when 11321 is divided by 67?
65
Calculate the remainder when 203 is divided by 23.
19
What is the remainder when 137 is divided by 5?
2
Calculate the remainder when 319 is divided by 27.
22
Calculate the remainder when 790 is divided by 9.
7
What is the remainder when 96 is divided by 38?
20
What is the remainder when 2458 is divided by 96?
58
What is the remainder when 446 is divided by 19?
9
Calculate the remainder when 635 is divided by 40.
35
What is the remainder when 6929 is divided by 66?
65
What is the remainder when 595 is divided by 185?
40
What is the remainder when 144 is divided by 13?
1
What is the remainder when 181 is divided by 47?
40
Calculate the remainder when 52 is divided by 19.
14
Calculate the remainder when 82 is divided by 61.
21
What is the remainder when 169 is divided by 21?
1
Calculate the remainder when 316 is divided by 40.
36
Calculate the remainder when 2285 is divided by 22.
19
What is the remainder when 88 is divided by 79?
9
What is the remainder when 1702 is divided by 40?
22
Calculate the remainder when 6422 is divided by 63.
59
Calculate the remainder when 633 is divided by 208.
9
What is the remainder when 24 is divided by 1?
0
Calculate the remainder when 425 is divided by 26.
9
Calculate the remainder when 123 is divided by 5.
3
Calculate the remainder when 342 is divided by 50.
42
Calculate the remainder when 907 is divided by 70.
67
What is the remainder when 149 is divided by 19?
16
Calculate the remainder when 253 is divided by 159.
94
Calculate the remainder when 147 is divided by 26.
17
What is the remainder when 505 is divided by 70?
15
What is the remainder when 92 is divided by 86?
6
What is the remainder when 2363 is divided by 780?
23
What is the remainder when 93 is divided by 49?
44
What is the remainder when 1708 is divided by 18?
16
What is the remainder when 33 is divided by 31?
2
Calculate the remainder when 49 is divided by 15.
4
Calculate the remainder when 3604 is divided by 301.
293
Calculate the remainder when 1764 is divided by 20.
4
Calculate the remainder when 2924 is divided by 91.
12
What is the remainder when 192 is divided by 14?
10
Calculate the remainder when 583 is divided by 146.
145
Calculate the remainder when 128 is divided by 13.
11
What is the remainder when 2516 is divided by 15?
11
What is the remainder when 4777 is divided by 177?
175
Calculate the remainder when 8070 is divided by 69.
66
What is the remainder when 1135 is divided by 19?
14
Calculate the remainder when 1040 is divided by 133.
109
What is the remainder when 150 is divided by 76?
74
Calculate the remainder when 3004 is divided by 59.
54
What is the remainder when 27 is divided by 14?
13
What is the remainder when 70 is divided by 12?
10
Calculate the remainder when 1957 is divided by 21.
4
What is the remainder when 2521 is divided by 126?
1
Calculate the remainder when 67 is divided by 19.
10
What is the remainder when 4919 is divided by 24?
23
Calculate the remainder when 349 is divided by 5.
4
What is the remainder when 586 is divided by 50?
36
Calculate the remainder when 266 is divided by 54.
50
Calculate the remainder when 858 is divided by 123.
120
What is the remainder when 2638 is divided by 132?
130
What is the remainder when 873 is divided by 49?
40
What is the remainder when 394 is divided by 21?
16
Calculate the remainder when 91 is divided by 26.
13
Calculate the remainder when 785 is divided by 22.
15
What is the remainder when 401 is divided by 24?
17
What is the remainder when 3188 is divided by 14?
10
What is the remainder when 164 is divided by 72?
20
Calculate the remainder when 386 is divided by 19.
6
Calculate the remainder when 217 is divided by 56.
49
Calculate the remainder when 566 is divided by 7.
6
What is the remainder when 29 is divided by 17?
12
Calculate the remainder when 747 is divided by 11.
10
What is the remainder when 276 is divided by 118?
40
What is the remainder when 333 is divided by 123?
87
What is the remainder when 375 is divided by 289?
86
Calculate the remainder when 692 is divided by 24.
20
Calculate the remainder when 87 is divided by 28.
3
Calculate the remainder when 1167 is divided by 246.
183
What is the remainder when 1399 is divided by 27?
22
What is the remainder when 5246 is divided by 9?
8
Calculate the remainder when 83742 is divided by 23.
22
What is the remainder when 239 is divided by 49?
43
What is the remainder when 88 is divided by 14?
4
What is the remainder when 5946 is divided by 25?
21
Calculate the remainder when 292 is divided by 98.
96
Calculate the remainder when 1341 is divided by 64.
61
Calculate the remainder when 22874 is divided by 279.
275
What is the remainder when 2579 is divided by 46?
3
What is the remainder when 11361 is divided by 38?
37
Calculate the remainder when 569 is divided by 274.
21
Calculate the remainder when 87 is divided by 45.
42
What is the remainder when 206 is divided by 195?
11
Calculate the remainder when 381 is divided by 62.
9
What is the remainder when 20720 is divided by 53?
50
What is the remainder when 787 is divided by 113?
109
What is the remainder when 345 is divided by 91?
72
Calculate the remainder when 379 is divided by 110.
49
Calculate the remainder when 147 is divided by 10.
7
Calculate the remainder when 220 is divided by 3.
1
What is the remainder when 1681 is divided by 78?
43
Calculate the remainder when 114 is divided by 107.
7
What is the remainder when 61 is divided by 18?
7
Calculate the remainder when 130 is divided by 17.
11
What is the remainder when 31 is divided by 7?
3
Calculate the remainder when 181 is divided by 77.
27
Calculate the remainder when 1654 is divided by 745.
164
What is the remainder when 931 is divided by 77?
7
Calculate the remainder when 762 is divided by 15.
12
What is the remainder when 219 is divided by 38?
29
Calculate the remainder when 3992 is divided by 23.
13
Calculate the remainder when 118 is divided by 31.
25
Calculate the remainder when 40479 is divided by 10.
9
What is the remainder when 3818 is divided by 160?
138